ppose -77 = -3*s - 23. Calculate the greatest common factor of s and 18.
18
Let v(c) = -c**3 + 11*c**2 - 3*c + 5. Suppose 3*t = -2*t + 35. Let o be v(t). Suppose 0 = 7*y - y - o. What is the greatest common divisor of y and 6?
6
Let q = -272 + 302. What is the highest common factor of 105 and q?
15
Let m = -3 + 5. Let r be (-1)/(20/(-8)) + (-90)/(-25). Suppose 4*k + r = -b - 3*b, -m*k + 10 = -4*b. Calculate the greatest common factor of 1 and k.
1
Let z = 457 - 151. Let f be z/54 - (-2)/6. Suppose 519 = f*w - 777. Calculate the highest common factor of 24 and w.
24
Suppose -17*g - 8 = -19*g. Let h be (g/6)/((-13)/(-39)). Let x be (-220)/(-8) - (-1)/h. Calculate the highest common divisor of 4 and x.
4
Let v(y) = y**2 - y + 4. Let s be v(-3). Let r(i) = i**3 + 7*i**2 - 8*i + 8. Let b be r(-8). Calculate the highest common factor of b and s.
8
Let t = 1209 + 168. Calculate the greatest common divisor of 54 and t.
27
Let a = -556 + 1100. Calculate the highest common divisor of 80 and a.
16
Let p = 5099 + -2444. Calculate the greatest common divisor of 45 and p.
45
Let d = 41 - 111. Let i = d - -132. Calculate the highest common divisor of i and 93.
31
Suppose 7*h - 72 = 152. What is the highest common divisor of 2048 and h?
32
Let d = 98 + -64. Calculate the greatest common factor of 119 and d.
17
Suppose -26*k = -16*k - 270. What is the greatest common divisor of k and 3?
3
Let c(u) = u**3 + 31*u**2 - 4*u - 12. Let r be c(-31). What is the greatest common divisor of r and 32?
16
Let b be (14 + -11)/((-6)/(-10)). Suppose 4*o = 5*p - 130, -b*o + 13 + 13 = p. Let d = -4 + p. What is the greatest common divisor of 88 and d?
22
Suppose -5*v + 3336 = 146. What is the greatest common factor of 58 and v?
58
Let f(j) = -2*j**2 + 15*j - 5. Let a be f(7). Let c(d) = 7*d + 7. Let l be c(a). Calculate the highest common factor of 147 and l.
21
Let y = 107 - 102. What is the highest common divisor of 305 and y?
5
Suppose -214 = -5*h + 4*p, 2*p + 44 = 3*h - 86. Let a(o) = 2*o**2 - 12*o + 9. Let k be a(7). What is the highest common factor of k and h?
23
Let c(h) = -18*h - 84. Let y be c(-7). What is the greatest common divisor of y and 24?
6
Let m = 246 - 240. What is the greatest common divisor of 54 and m?
6
Suppose o = -3*o + 24. Suppose -9*u + o*u + 90 = 0. Calculate the greatest common factor of u and 20.
10
Let n = -16 - -20. Let o(z) = -z**2 + 4*z + 2. Let v be o(n). Suppose 2*a = -8, 0*a - v*a = m - 4. Calculate the highest common factor of 12 and m.
12
Let s be 110/15 - (-12)/(-9). What is the highest common factor of 10 and s?
2
Suppose 4*s - 4*u - 61 = 15, 49 = 3*s + 5*u. Calculate the highest common divisor of 12 and s.
6
Let t be (-565)/4 - 3/(-12). Let u = -77 - t. Calculate the highest common divisor of 8 and u.
8
Let x(c) = 2 - 6 - c + 1. Suppose z - 1 = -3*j, -z + 0*j + 3*j = 17. Let h be x(z). Calculate the highest common factor of h and 15.
5
Let v(f) = -f + 5. Let c be v(0). Let b = 51 + -45. Suppose -b*a = -0*a - 120. What is the greatest common divisor of a and c?
5
Suppose -11 = -2*d - c, -2*c - 14 = -3*d - c. Suppose 3*q = -3*g + 3, -32 - 3 = -d*g + 5*q. Calculate the greatest common factor of 14 and g.
2
Suppose 5*r + 3*b - 805 = -2*b, -3*r + b = -475. What is the greatest common factor of 3 and r?
3
Let u(m) = -133*m - 394. Let x be u(-3). Calculate the highest common divisor of x and 95.
5
Let f be (12/30)/((-1916)/480 + 4). What is the greatest common divisor of f and 112?
16
Suppose 48 = 6*m - 0*m. Calculate the highest common factor of 100 and m.
4
Let f(d) = d**2 + 34*d + 3. Let o be f(-35). What is the greatest common divisor of o and 152?
38
Let v be ((-2)/(-4) - 0)*(-1 - -1). Suppose -3*g + 1035 = 2*g. Suppose 6*k - g - 33 = v. What is the greatest common divisor of k and 16?
8
Suppose -2*b - 306 = 7*b. Let p = 43 + b. What is the greatest common divisor of 45 and p?
9
Suppose 0 = 5*g + 163 - 183. Suppose 4*i - 62 = -54. Calculate the greatest common divisor of i and g.
2
Let y = 5 - -24. Suppose 870 = -0*l + 15*l. What is the greatest common divisor of y and l?
29
Suppose 5*s + 3*x - 69 = 0, -6*s + 4*x + 68 = -2*s. Calculate the greatest common divisor of s and 6.
3
Suppose -3*c = -6*c + 9. Suppose -o = 3*f - 115, c*f = 2*o - f - 190. Let x = o + -59. What is the highest common divisor of x and 22?
22
Let z be 5 - 8 - (1 - 9). Let c be (6 - -3)*5/z. Let j be c/(-3 + 0) - -27. Calculate the highest common factor of j and 3.
3
Let u be (238/6)/((-7)/(-21)). Calculate the greatest common factor of 34 and u.
17
Suppose -7*f = 6*f - 26. Let n(s) = -3 + 5*s + 5 + 21*s**2 - 4*s. Let c be n(f). Calculate the highest common divisor of 11 and c.
11
Let n(c) = c**2 - 22*c + 14. Let i be n(22). What is the highest common divisor of i and 189?
7
Suppose -3*n - r + 13 = 0, -5*n + 3*r + 11 = -4*n. Suppose -n*v - q - q + 505 = 0, -q = -5. What is the highest common divisor of v and 11?
11
Let f be -2*-9*(-3)/(-6). Suppose 143*y + 12 = 147*y. What is the highest common divisor of f and y?
3
Let y(x) = 89*x + 90. Let g be y(2). Calculate the greatest common divisor of g and 4.
4
Let g(n) = -6*n + 4. Let q be 2 + 2/((-6)/3). Let v be g(q). Let u be ((-18)/(-15))/(v/(-20)). What is the greatest common divisor of u and 12?
12
Let f(d) = 10*d**2 + 11*d + 76. Let l be f(-21). Calculate the highest common divisor of l and 37.
37
Let r be (54/45)/(2/(-5)) - -29. Calculate the greatest common divisor of 26 and r.
26
Let q = 37 + -15. Suppose 66 = 4*x + q. What is the highest common divisor of 66 and x?
11
Let a be (1/(-2))/((-2)/(-52)). Suppose 12*f - 33 = 15. Let x be a*-2*2/f. Calculate the highest common factor of x and 52.
13
Let l be (-12)/18 + 88/6. Suppose 3*c + 447 + 1533 = 0. Let i be (56/(-10))/(24/c). What is the greatest common divisor of l and i?
14
Let u be (4/10 - 378/20)*-2. Let x = u - -73. Calculate the highest common divisor of x and 44.
22
Suppose -43 = -4*c + 9. Let x = 334 - 647. Let s be 8/(-24) - x/3. Calculate the highest common divisor of s and c.
13
Suppose -5*u + 94 = g, -41 - 29 = -5*u + 5*g. Let b = -31 - -31. Let r be 27 + b/(1 + 1). Calculate the greatest common divisor of r and u.
9
Suppose h - 17*s - 49 = -16*s, -s - 241 = -5*h. Calculate the highest common factor of 216 and h.
24
Let f(k) = -7*k**2 + 176*k - 7. Let g be f(25). Calculate the highest common factor of 171 and g.
9
Let v(a) = 11*a**2 + 1 - 3*a**3 + 2*a + 2*a**3 - 2. Let p = -117 - -128. Let c be v(p). What is the greatest common factor of c and 63?
21
Suppose 5*g + 39 = 2*k, -k = -4*k - g + 33. Calculate the highest common divisor of 996 and k.
12
Suppose 41 + 169 = 35*w. Let f(b) = b + 1. Let a be f(-2). Let g be 4 + 2*a - -2. What is the highest common factor of g and w?
2
Let j = 4 - 2. Suppose -2*u = -3*z - 2*z + 110, 4*u + 4 = z. Let r = 42 - z. What is the highest common factor of j and r?
2
Suppose -2*r + 34 = -2*t, -t + 13 = -2*t - 3*r. Let a(y) = -y**3 - 17*y**2 - 17*y - 10. Let o be a(t). What is the highest common factor of o and 4?
2
Let r = 11 - -13. Suppose 22*f + r = 23*f. Calculate the greatest common divisor of f and 36.
12
Suppose -394 = -2*i - 4*w, 3*i + 3*w - 99 = 501. Calculate the greatest common factor of 29 and i.
29
Let v(k) = k + 32. Let g be v(-19). Calculate the greatest common divisor of 247 and g.
13
Let u = 28 - 26. Suppose -m = u, s - 70 = -s - 4*m. Suppose 0 = -k + 5*k - 156. Calculate the highest common divisor of s and k.
39
Let k(w) = -w**3 + 6*w**2. Let o be k(5). Let z be 14/3 + (-1)/(-3). Calculate the greatest common factor of o and z.
5
Suppose -36 = -22*g + 13*g. Calculate the highest common factor of 108 and g.
4
Suppose -2*q - 5*q + 133 = 0. Suppose 49 = 5*m + q. Calculate the greatest common divisor of 12 and m.
6
Let x = 102 + -108. Let f be (-31)/(-3) + 2/x. What is the greatest common factor of 160 and f?
10
Let b be (60/36)/(2/(-6)). Let v be b/2 - (-18)/4. Let n be (-284)/(-14) + 4/(-14). What is the highest common factor of n and v?
2
Suppose 0*z = -3*z + 60. Suppose q - 23 = -z. Calculate the highest common factor of 21 and q.
3
Suppose 16 - 12 = -a. Let r be (357/28)/((-1)/a). What is the highest common factor of 17 and r?
17
Let p = 49 + 72. Let w(h) = h**3 - 14*h**2 - 15*h + 11. Let k be w(15). 